rue
Does 11 divide 2825?
False
Does 41 divide 11357?
True
Is 40 a multiple of 40?
True
Does 27 divide 609?
False
Does 104 divide 11957?
False
Is 6 a factor of 30?
True
Is 5936 a multiple of 212?
True
Is 18 a factor of 18?
True
Is 2859 a multiple of 47?
False
Does 316 divide 17696?
True
Is 2880 a multiple of 36?
True
Is 31 a factor of 31?
True
Is 3 a factor of 99?
True
Is 140 a multiple of 22?
False
Does 24 divide 711?
False
Does 10 divide 120?
True
Does 60 divide 74040?
True
Is 66504 a multiple of 34?
True
Does 16 divide 14384?
True
Is 1024 a multiple of 32?
True
Does 7 divide 588?
True
Is 13482 a multiple of 42?
True
Does 87 divide 4350?
True
Is 8 a factor of 34008?
True
Is 4876 a multiple of 11?
False
Is 1578 a multiple of 10?
False
Is 24 a factor of 360?
True
Is 50 a factor of 350?
True
Does 5 divide 1593?
False
Is 4 a factor of 4904?
True
Is 45738 a multiple of 107?
False
Does 12 divide 1008?
True
Is 263 a factor of 48829?
False
Is 15 a factor of 1547?
False
Does 17 divide 391?
True
Is 124 a factor of 8235?
False
Is 36 a factor of 2126?
False
Is 74 a factor of 598?
False
Is 158 a factor of 25329?
False
Is 6192 a multiple of 34?
False
Is 8 a factor of 12728?
True
Is 839 a multiple of 15?
False
Is 2970 a multiple of 66?
True
Is 3 a factor of 55?
False
Does 28 divide 1988?
True
Is 27 a factor of 1269?
True
Is 2789 a multiple of 67?
False
Is 10033 a multiple of 45?
False
Does 90 divide 27090?
True
Does 3 divide 10467?
True
Is 31725 a multiple of 75?
True
Does 81 divide 6318?
True
Is 11 a factor of 376?
False
Does 182 divide 25008?
False
Does 31 divide 25323?
False
Is 77 a factor of 1441?
False
Is 2346 a multiple of 102?
True
Is 5015 a multiple of 38?
False
Does 5 divide 570?
True
Does 42 divide 5250?
True
Does 3 divide 917?
False
Is 8 a factor of 3256?
True
Is 43 a factor of 1046?
False
Is 187 a multiple of 4?
False
Is 217 even?
False
Is 9 a factor of 6534?
True
Is 163 a factor of 8759?
False
Is 4950 a multiple of 22?
True
Does 11 divide 6746?
False
Does 107 divide 3852?
True
Does 16 divide 39?
False
Is 46 a factor of 805?
False
Does 17 divide 544?
True
Is 6 a factor of 275?
False
Is 45 a factor of 125955?
True
Is 833 a multiple of 7?
True
Is 38 a factor of 912?
True
Is 234 a multiple of 39?
True
Is 44 a factor of 4444?
True
Is 17 a factor of 5338?
True
Is 9 a factor of 61?
False
Does 65 divide 721?
False
Is 7 a factor of 992?
False
Does 48 divide 288?
True
Is 4423 a multiple of 15?
False
Is 82355 a multiple of 84?
False
Is 73 a factor of 1533?
True
Does 2 divide 106?
True
Does 11 divide 42537?
True
Is 636 a multiple of 6?
True
Does 63 divide 246?
False
Is 746 a multiple of 18?
False
Is 87 a multiple of 15?
False
Is 50 a factor of 26971?
False
Is 366 a multiple of 11?
False
Is 28 a factor of 350?
False
Is 6921 a multiple of 30?
False
Is 18 a factor of 306?
True
Does 119 divide 18326?
True
Is 1442 a multiple of 14?
True
Is 7 a factor of 103?
False
Is 16 a factor of 91533?
False
Does 15 divide 393?
False
Is 4915 a multiple of 20?
False
Is 2700 a multiple of 150?
True
Is 15 a factor of 930?
True
Is 199 a factor of 4577?
True
Is 370 a multiple of 97?
False
Is 4 a factor of 2144?
True
Is 11 a factor of 3228?
False
Is 5307 a multiple of 67?
False
Does 114 divide 3990?
True
Is 138 a multiple of 6?
True
Does 14 divide 70?
True
Is 6 a factor of 642?
True
Is 4023 a multiple of 9?
True
Is 10089 a multiple of 13?
False
Does 137 divide 7398?
True
Is 8 a multiple of 4?
True
Is 60 a multiple of 6?
True
Is 80 a multiple of 3?
False
Is 6 a factor of 336?
True
Is 48 a factor of 3360?
True
Is 28 a factor of 3367?
False
Is 751 a multiple of 29?
False
Is 7 a factor of 2014?
False
Does 5 divide 177?
False
Is 4 a factor of 18824?
True
Does 72 divide 4387?
False
Is 197 a multiple of 2?
False
Is 124 a factor of 11532?
True
Is 9 a factor of 23274?
True
Is 12 a factor of 32784?
True
Is 2882 a multiple of 3?
False
Does 27 divide 153?
False
Is 156 a factor of 12649?
False
Is 17 a factor of 8670?
True
Is 14 a factor of 4956?
True
Is 25 a factor of 3550?
True
Is 433 a multiple of 8?
False
Is 3 a factor of 279?
True
Is 15 a factor of 1020?
True
Is 119692 a multiple of 495?
False
Is 367 a multiple of 13?
False
Is 312 a multiple of 33?
False
Does 5 divide 19685?
True
Is 43 a factor of 860?
True
Does 13 divide 18174?
True
Is 303 a multiple of 34?
False
Is 7 a factor of 1169?
True
Is 282 a multiple of 46?
False
Is 4 a multiple of 3?
False
Is 6396 a multiple of 7?
False
Does 16 divide 442?
False
Does 6 divide 342?
True
Does 17 divide 187?
True
Is 576 a multiple of 48?
True
Is 5 a factor of 1005?
True
Is 84 a multiple of 6?
True
Is 6885 a multiple of 255?
True
Is 784 a multiple of 64?
False
Does 2 divide 3517?
False
Is 18 a factor of 3285?
False
Is 82 a factor of 12438?
False
Is 11 a factor of 869?
True
Is 49 a factor of 31311?
True
Does 58 divide 4084?
False
Is 1266 a multiple of 4?
False
Is 27 a factor of 32?
False
Is 2615 a multiple of 175?
False
Does 47 divide 282?
True
Is 60668 a multiple of 222?
False
Does 46 divide 725?
False
Is 6060 a multiple of 59?
False
Is 7 a factor of 1491?
True
Is 96 a factor of 16909?
False
Is 50 a multiple of 3?
False
Does 92 divide 19780?
True
Is 16777 a multiple of 2?
False
Does 9 divide 12409?
False
Does 34 divide 2890?
True
Is 2777 a multiple of 8?
False
Does 156 divide 12480?
True
Does 36 divide 20808?
True
Is 135 a multiple of 9?
True
Does 26 divide 3144?
False
Is 1220 a multiple of 20?
True
Is 269 a multiple of 30?
False
Does 97 divide 27354?
True
Is 19 a factor of 2926?
True
Is 1339 a multiple of 13?
True
Is 27496 a multiple of 56?
True
Is 1540 a multiple of 70?
True
Is 4 a factor of 148?
True
Is 54315 a multiple of 340?
False
Is 6 a factor of 19008?
True
Is 28 a factor of 5936?
True
Is 13 a factor of 14171?
False
Does 61 divide 1295?
False
Is 155 a multiple of 11?
False
Does 3 divide 2839?
False
Is 81 a factor of 2349?
True
Is 1596 a multiple of 12?
True
Is 40150 a multiple of 110?
True
Is 61 a multiple of 26?
False
Is 33221 a multiple of 8?
False
Is 7 a factor of 672?
True
Is 6153 a multiple of 3?
True
Is 475 a multiple of 5?
True
Is 594 a multiple of 22?
True
Is 16 a factor of 800?
True
Is 14 a factor of 12068?
True
Is 632 a multiple of 22?
False
Does 69 divide 146?
False
Is 216 a multiple of 2?
True
Is 390 a multiple of 78?
True
Does 5 divide 1360?
True
Does 7 divide 6286?
True
Does 23 divide 23?
True
Is 14 a factor of 13356?
True
Does 8 divide 32?
True
Does 166 divide 8694?
False
Is 78 a factor of 1585?
False
Is 51104 a multiple of 16?
True
Does 6 divide 12690?
True
Does 102 divide 3672?
True
Is 1148 a multiple of 38?
False
Does 24 divide 648?
True
Is 131 a factor of 10087?
True
Is 4 a factor of 92?
True
Does 49 divide 21315?
True
Is 60 a factor of 32880?
True
Is 2939 a multiple of 3?
False
Is 882 a multiple of 63?
True
Is 131 a factor of 13624?
True
Is 21 a factor of 79317?
True
Is 409 a factor of 3681?
True
Does 9 divide 104?
False
Does 59 divide 26845?
True
Does 33 divide 4199?
False
Is 36 a factor of 504?
True
Does 76 divide 811?
False
Does 5 divide 385?
True
Does 7 divide 6811?
True
Does 17 divide 102?
True
Does 10 divide 29344?
False
Is 20 a factor of 8257?
False
Is 22 a multiple of 22?
True
Does 7 divide 1308?
False
Is 36 a factor of 3087?
False
Is 76 a factor of 2584?
True
Is 25 a factor of 7700?
True
Does 43 divide 2967?
True
Is 14 a factor of 280?
True
Does 6 divide 138?
True
Is 10 a factor of 2820?
True
Is 16 a factor of 68973?
False
Is 63 a factor of 14298?
False
Is 337 a multiple of 19?
False
Does 11 divide 124311?
True
Does 19 divide 1330?
True
Is 18 a multiple of 12?
False
Is 91 a factor of 4368?
True
Is 4 a factor of 5?
False
Is 20472 a multiple of 12?
True
Is 12889 a multiple of 10?
False
Is 16 a factor of 736?
True
Is 34 a factor of 3815?
False
Is 6 a factor of 1470?
True
Does 146 divide 25844?
False
Is 11 a factor of 3333?
True
Does 55 divide 1320?
True
Is 13330 a multiple of 155?
True
Does 11 divide 19290?
False
Is 637 a multiple of 2?
False
Is 138 a multiple of 23?
True
Is 11 a factor of 94?
False
Is 12 a factor of 150?
False
Is 27 a factor of 486?
True
Is 738 a multiple of 123?
True
Is 10521 a multiple of 10?
False
Is 9025 a multiple of 17?
False
Is 350 a multiple of 70?
True
Is 2324 even?
True
Is 1972 a mult